67 a composite number?
False
Is 812008189 a prime number?
True
Is 6143155841 a composite number?
True
Is 8038424561 a composite number?
False
Is 38731281217 a composite number?
False
Is 42093459019 a prime number?
True
Is 145097039 a prime number?
True
Is 12672317753 prime?
True
Is 2697763529 prime?
False
Is 52426917617 a prime number?
True
Is 5648689373 a prime number?
True
Is 1779825694 prime?
False
Is 36594469 composite?
True
Is 641807857 a composite number?
False
Is 1941136897 prime?
False
Is 546243571 a composite number?
False
Is 1115905589 a prime number?
False
Is 635569213 a prime number?
False
Is 140240521 a composite number?
True
Is 5391080833 prime?
False
Is 2808309971 a composite number?
False
Is 481025136205 a prime number?
False
Is 5431950283 a composite number?
True
Is 1457338691815 composite?
True
Is 7688080201 composite?
True
Is 10292831387 prime?
True
Is 9248860949 prime?
False
Is 11368798763 prime?
False
Is 6483683309 prime?
True
Is 15085696433 composite?
False
Is 1141569553 a prime number?
False
Is 935486157 composite?
True
Is 7305064603 prime?
False
Is 3001509577 composite?
True
Is 99186816151 a composite number?
False
Is 861872611 prime?
True
Is 27220804573 prime?
True
Is 47596935197 a composite number?
True
Is 1850231519 composite?
False
Is 5186506933 composite?
False
Is 6143859167 a prime number?
True
Is 85654526413 a prime number?
True
Is 19361734867 a composite number?
False
Is 32540620067 prime?
True
Is 1077500111 a prime number?
False
Is 205286413 prime?
True
Is 4588306553 a prime number?
True
Is 1498568759 composite?
False
Is 8989134409 a prime number?
True
Is 33639897 a composite number?
True
Is 13339308011 composite?
False
Is 5014707631 a composite number?
True
Is 71129759111 prime?
False
Is 63473176817 a prime number?
True
Is 7252739281 a prime number?
True
Is 91612649 prime?
False
Is 12660933977 composite?
False
Is 893692843 prime?
False
Is 3517149803 prime?
True
Is 380932154989 composite?
False
Is 606666259 a composite number?
False
Is 2282885023 prime?
False
Is 752438823 prime?
False
Is 168512489 a prime number?
False
Is 3973633 prime?
True
Is 163391387 a prime number?
True
Is 197517097 prime?
False
Is 225050257 a composite number?
False
Is 10317344803 prime?
True
Is 236894941 prime?
True
Is 18928832341 composite?
True
Is 110746267 a composite number?
False
Is 18307130009 a prime number?
False
Is 1134157163 a prime number?
False
Is 61150923913 a prime number?
True
Is 52171056907 composite?
False
Is 1330143233 prime?
True
Is 17738671334 a composite number?
True
Is 17724488681 a composite number?
True
Is 2242861507 a composite number?
True
Is 1908211337 a prime number?
True
Is 8603599219 prime?
False
Is 91647571 a prime number?
False
Is 563322523 a prime number?
False
Is 11047830149 composite?
False
Is 65887049 a composite number?
False
Is 20668937 prime?
False
Is 2703167471 a prime number?
False
Is 8122881157 composite?
False
Is 649689779 a composite number?
True
Is 38862407 a prime number?
False
Is 1745363101 a prime number?
False
Is 563374921 a prime number?
False
Is 5951102266 a composite number?
True
Is 1870016339 a prime number?
False
Is 230612333 composite?
True
Is 1002531077 prime?
False
Is 203139758267 a prime number?
True
Is 31852159357 a composite number?
True
Is 503047799 prime?
False
Is 1382191403 a composite number?
False
Is 1271283283 prime?
True
Is 1723658243 a prime number?
True
Is 189190563529 a composite number?
True
Is 417233123 prime?
False
Is 14269751651 prime?
False
Is 96500141 a composite number?
True
Is 109878944311 a composite number?
False
Is 3401188459 a composite number?
True
Is 2395338149 prime?
True
Is 2130671549 prime?
True
Is 33592529 a prime number?
True
Is 145017181 a prime number?
True
Is 105410836319 prime?
True
Is 18653971181 a prime number?
True
Is 546293609 a composite number?
True
Is 13978324429 prime?
True
Is 275581286003 composite?
True
Is 23697977 a composite number?
False
Is 19475532619 a composite number?
True
Is 7381393247 composite?
True
Is 7438955647 a composite number?
False
Is 14730623 prime?
True
Is 853975037 composite?
True
Is 364264759 a composite number?
False
Is 1196563789 a prime number?
True
Is 31283982701 a composite number?
True
Is 24481088053 a prime number?
True
Is 3814156081 composite?
False
Is 5673402607 composite?
False
Is 235190141 composite?
False
Is 36898184593 composite?
False
Is 9537230717 prime?
False
Is 789000193 a prime number?
True
Is 90637639 a prime number?
False
Is 29397712489 a composite number?
True
Is 465876083 composite?
False
Is 27720893393 prime?
True
Is 599953933 composite?
True
Is 54231225623 composite?
False
Is 11341742263 a prime number?
False
Is 754804189 a prime number?
False
Is 81198744073 a composite number?
True
Is 11179867 a composite number?
True
Is 9291593411 prime?
False
Is 2206898971 composite?
False
Is 323635979 a composite number?
False
Is 30071584619 prime?
False
Is 29059730033 a prime number?
False
Is 81052967 composite?
False
Is 327683624239 a composite number?
False
Is 36538162651 a prime number?
False
Is 1291607407 a composite number?
False
Is 7728955257 prime?
False
Is 5542531567 a composite number?
True
Is 40934298941 a composite number?
True
Is 2603536387 composite?
False
Is 178738151 a prime number?
False
Is 3539428261 a prime number?
True
Is 39335630357 prime?
False
Is 5764346629 a prime number?
True
Is 20654553503 a composite number?
False
Is 3068810161 composite?
False
Is 41803757777 a prime number?
True
Is 21305160979 a prime number?
False
Is 3728820061 composite?
False
Is 1061403881 a composite number?
False
Is 2010679721 composite?
False
Is 603614813 prime?
True
Is 64758027029 a prime number?
True
Is 3674859731 a prime number?
False
Is 9870696959 a composite number?
False
Is 46390183517 prime?
True
Is 2299414297 composite?
True
Is 8893723253 prime?
True
Is 7593911443 a composite number?
False
Is 10170348061 a composite number?
False
Is 130387671851 prime?
True
Is 5221842869 composite?
False
Is 3543647797 prime?
True
Is 97250093 prime?
True
Is 17809002377 composite?
False
Is 907697149 a prime number?
True
Is 77271598463 prime?
True
Is 1274663899 a prime number?
True
Is 267184651 a composite number?
True
Is 12842068683 prime?
False
Is 1115470073 composite?
False
Is 28575711001 a prime number?
False
Is 4191237473 a prime number?
True
Is 2612944481 a prime number?
False
Is 1249848133 a composite number?
False
Is 525438031 a prime number?
True
Is 13065841 a prime number?
True
Is 8590666069 composite?
False
Is 2658043273 prime?
True
Is 2956351757 a composite number?
True
Is 14045915441 prime?
True
Is 147911569 a composite number?
True
Is 183406983677 prime?
False
Is 6982399693 prime?
True
Is 167858828519 a composite number?
True
Is 1024058557 a composite number?
True
Is 22587812713 prime?
False
Is 5368957967 prime?
False
Is 2068396049 a composite number?
True
Is 307833983 composite?
True
Is 64474274 a prime number?
False
Is 681485269 composite?
False
Is 219292988482 composite?
True
Is 11113883 a prime number?
False
Is 18144127699 prime?
False
Is 1231169741 a prime number?
False
Is 50927782501 prime?
True
Is 721238269 prime?
False
Is 18186886085 composite?
True
Is 1492488889 composite?
False
Is 3901327687 a composite number?
False
Is 847873421 prime?
True
Is 50069543723 a composite number?
False
Is 3082598791 a composite number?
True
Is 16180522033 composite?
True
Is 23082037921 prime?
True
Is 22532863069 a composite number?
True
Is 744507727 a composite number?
False
Is 510288853 a prime number?
True
Is 1133227247 prime?
False
Is 16724028757 composite?
True
Is 35403883013 a composite number?
False
Is 4716576461 composite?
True
Is 2323650191 a composite number?
True
Is 4577371277 a prime number?
True
Is 70002528307 a prime number?
False
Is 2893003199 a composite number?
True
Is 691187913593 a prime number?
True
Is 11490618371 prime?
True
Is 1668610441 prime?
False
Is 11514090723 a prime number?
False
Is 62010930887 composite?
False
Is 172668475127 prime?
True
Is 7976081107 a composite number?
False
Is 21781043 prime?
False
Is 1722435269 a prime number?
False
Is 12926818433 prime?
False
Is 19701412097 composite?
False
Is 1368374327 a composite number?
True
Is 1216520131 composite?
True
Is 252748981 a pr